(-66)/(-4) is divided by r.
20
Let p be (2 - (-10)/(-4))/(1/(-2)). Suppose -3 = 3*f + 3*u - 18, -p = 3*f - 5*u. Calculate the remainder when 12 is divided by f.
0
Suppose 577 + 190 = 13*q. Calculate the remainder when 164 is divided by q.
46
Let y(d) = -d + 20. Let k be y(11). What is the remainder when 24 is divided by (15/k)/(4/12)?
4
Let t be (-3)/2*(-5 - -3). Suppose -f = -4*g + t*g + 19, f + 5 = 0. Calculate the remainder when 23 is divided by g.
9
Suppose -4*m + 2*u - 15 = -3*u, -4*u = -2*m - 12. Suppose m = 2*l - 78 + 20. What is the remainder when (12 + -184)*(-1)/(2*1) is divided by l?
28
Calculate the remainder when 106 is divided by -11 + (-7 - -19 - -5).
4
Let x(z) = 41*z**2 + 2*z + 1. Let q = 12 + -13. What is the remainder when 119 is divided by x(q)?
39
Let y = -94 + 132. Let d(m) = m**3 + 2*m**2 - 3*m - 6. Let p be d(-3). What is the remainder when y is divided by (p/(-9))/(3/45)?
8
Suppose -7*a + 36 = -342. Let u = 58 - a. What is the remainder when 19 is divided by u?
3
Let x(o) = 7*o**2 + 14*o + 6. Let s(n) = n**2 + n + 1. Let i(t) = 6*s(t) - x(t). Let b = -15 + 10. What is the remainder when i(b) is divided by 8?
7
Let d(t) = t**3 + 4*t**2 + t + 2. Let j be d(-4). Let o(n) = 3*n**2 + 2. Calculate the remainder when o(j) is divided by 6.
2
Suppose -2*l = -1 - 33. Let f = -35 - -23. What is the remainder when 36*(f/9)/(-1) is divided by l?
14
Suppose 0 = 2*k + 3*j + 8, -2*k + 8 = -2*j + j. Let r be 1 - (8/(-2) - -1). Let p = r - k. What is the remainder when 5 is divided by p?
1
Suppose 0 = 4*y - 0*y - 168. What is the remainder when (-19800)/(-260) + 2/(-13) is divided by y?
34
Let r(i) = 2*i**3 - 4*i**2 - i + 3. Calculate the remainder when r(3) is divided by -6 + (-3 + -2 - -18).
4
Let d(z) = -2*z**2 - 12*z - 1. Let n be d(-6). Calculate the remainder when 27*((-8)/12 - n) is divided by 6.
3
Suppose -51*k + 2214 + 285 = 0. Calculate the remainder when 136 is divided by k.
38
Let b = 6 + 0. Calculate the remainder when (-233)/(-3) + b/18 is divided by 20.
18
Let s(h) = h**3 - 2*h**2 - 6. Let j be s(3). Suppose -4*w = -4*b - 44, 0*w + 1 = -w - j*b. Calculate the remainder when 38 is divided by w.
6
What is the remainder when 116 is divided by (2/(-18) + (-155)/279)*-18?
8
Let s(h) = -179*h + 368. Let p = 3 + -4. What is the remainder when 26*p/((-4)/6) is divided by s(2)?
9
Suppose 5*z - 22*q + 18*q = 151, 3*z - 5*q - 88 = 0. Calculate the remainder when 34 is divided by z.
3
Suppose 4*v - i = 190, -3*v + 88 = 3*i - 47. Calculate the remainder when v is divided by 10.
7
Let w = 34 - 23. Let d = w + -19. What is the remainder when 38 is divided by (-2)/d - (-39)/4?
8
Let n = -33 - -105. Let q = 109 - n. Suppose 0 = 52*f - 257 - 783. What is the remainder when q is divided by f?
17
Let o = -5 + 3. Let c = 1 + o. Let l = c + 38. Calculate the remainder when l is divided by 20.
17
Let o(z) = 3*z**2 + 42*z + 177. Calculate the remainder when o(-18) is divided by 69.
48
Suppose 166 = 11*o + 1. Calculate the remainder when 238 is divided by o.
13
Suppose 15*j - 10*j = 70. Let k = 9 - j. Let f = 34 + k. Calculate the remainder when f is divided by 16.
13
Calculate the remainder when (-10)/(20/6) + 125 is divided by 14.
10
Let p = -19 - -67. Suppose 0 = -4*y + p - 4. What is the remainder when ((-4)/10)/((-30)/2325) is divided by y?
9
Suppose 0 + 60 = 2*d. Let o(v) = -v**2 - 4*v + 11. Let r be 0/(12/(-2)) + 0. What is the remainder when d is divided by o(r)?
8
Suppose 0 = 4*l - 10*l + 1848. Suppose l = 4*n - 16. Suppose 3*y - 5*h = n, 3*h = 4*h. Calculate the remainder when y is divided by 14.
13
Suppose j = 5*j + 40. Let s(d) = 23*d + 27. Let t(i) = -13*i - 14. Let l(n) = -3*s(n) - 5*t(n). Calculate the remainder when 55 is divided by l(j).
26
Let c(f) = f**2 + 5*f - 41. Calculate the remainder when c(13) is divided by 103.
90
Suppose -3*m - 5*l = 15, -4*l - 13 + 1 = -4*m. Suppose -r + 4*s + 10 = m, -s - 4 = -3*s. What is the remainder when r is divided by 4?
2
What is the remainder when 257 is divided by (-3)/9*(-15)/(-6)*-6?
2
Let c(m) = -4*m**3 - m**2 - 2*m - 1. Suppose -14 = 14*k + 14. What is the remainder when c(k) is divided by 9?
4
Suppose 3*p - 4*m = 611, -2 = 5*m - 4*m. What is the remainder when p is divided by 7?
5
Let j be -1 + -2 - (11 - 4). Calculate the remainder when j/70 + 660/14 is divided by 18.
11
Suppose r - 40 = 94. Calculate the remainder when r is divided by 77.
57
Suppose 5*f = b - 26, 6*b = -5*f + 109 + 222. What is the remainder when 229 is divided by b?
25
Suppose -2*t + 174 = -4*y - 4*t, -5*t + 195 = -4*y. Let b = y + 62. What is the remainder when 100 is divided by b?
15
Suppose -2*a - 3*a + 35 = -4*w, -4*w = a + 41. Calculate the remainder when 36/8*w/(-3) is divided by -16*((-14)/4 + 3).
7
Suppose 0 = 3*q - 2*q - 10. Let b(f) = -f**2 - 7*f - 10. Let m be b(-3). Suppose 4*i + 14 = n, m*n + 0*n = i + 14. What is the remainder when q is divided by n?
4
Suppose -3*d + 17 = -t, -5*d + 0*d + 71 = -3*t. Let r = -10 - t. Calculate the remainder when r is divided by 8.
6
Let o(r) = r**3 + 5*r**2 - 9*r - 1. What is the remainder when 30 is divided by o(-6)?
13
Suppose s = -0*s + 210. Let b be 12/10*(695/5 + -4). Suppose -3*d = 5*q - s, -2*d + 0*q + 4*q + b = 0. What is the remainder when d is divided by 19?
18
What is the remainder when 97 is divided by -1*(-21 + -1) - (-10 + 8)?
1
Suppose z - 15 = -2*z. Suppose z*m + 57 = d, 0 = d + 5*m - 27 - 40. What is the remainder when d is divided by 22?
18
Let f be 0/((5 - 3)/(-2)) + -3. Calculate the remainder when 61 is divided by (-13)/f*3 + 0.
9
Let d be 2/8*4*(-26)/(-2). Suppose -d*z + 657 = -136. What is the remainder when z is divided by 7?
5
Calculate the remainder when (-665)/(-14) + (-3 - 9/(-2)) is divided by 6.
1
Let m(u) = -15*u - 4. Suppose 156 = 45*w - 294. Calculate the remainder when m(-6) is divided by w.
6
What is the remainder when 359 is divided by 26 + (6/20 - (-3572)/760)?
18
Suppose d + 0*d = 5. Suppose -2*r + 92 = 2*r - 4*s, 0 = 4*r - d*s - 89. Calculate the remainder when 50 is divided by r.
24
Let k = -652 - -689. Calculate the remainder when 184 is divided by k.
36
Calculate the remainder when 383 is divided by (-16 - 0)/(0 + (-4)/16).
63
Let s be 6*(-2 + 10/4). Let p be -6 + ((-6)/s)/(-1). Calculate the remainder when p*(2 + 33/(-6)) is divided by 4.
2
Let d(z) = 2*z**3 + 86*z**2 - 7*z + 57. What is the remainder when d(-43) is divided by 91?
85
Suppose -4*x + 45 = -3. What is the remainder when 1336/(-1)*12/(-96) is divided by x?
11
Suppose -q + 2 = 0, -5*s + 823 - 307 = -2*q. What is the remainder when s is divided by 9?
5
Let o = -16 - -15. Calculate the remainder when 30 - 2/(-2)*-1 is divided by (-17)/o + -3 + 2.
13
Suppose -720*x - 56 = -721*x. Calculate the remainder when x is divided by 12.
8
Let h = -905 + 1138. What is the remainder when h is divided by 59?
56
Let x = 88 - 37. Let f = x + -28. Calculate the remainder when f is divided by 6.
5
Suppose -19*h = -3*h - 10736. Calculate the remainder when h is divided by 14.
13
Let m(h) = -h**3 + 28*h**2 - 52*h + 12. What is the remainder when 202 is divided by m(26)?
10
Let y(a) = a + 13. Let c be y(-10). Let i = 19 - c. Suppose 2*m - 2*o - 4 = 18, -5*m + 50 = -4*o. Calculate the remainder when i is divided by m.
4
Let k(b) = b**3 - 7*b**2 - 7*b - 3. Let y be k(8). Suppose y = 5*l, 3*c + 9 = 4*c - 5*l. Calculate the remainder when 27 is divided by c.
13
Let r(v) = -v**2 - 16*v - 42. What is the remainder when 107 is divided by r(-10)?
17
Suppose 5*j + 4*a = 545, -12*a + 9*a = -j + 90. Calculate the remainder when j is divided by 36.
33
Suppose 5*v - 5*h + 85 = 0, 0 = -2*v + 3*h - 22 - 10. Let i = -6 - v. Calculate the remainder when 50 is divided by i.
11
Let h(t) = 5*t**2 - 8*t - 7. Let p(b) = 0*b**2 + 5*b**2 + 1 - 9 - 9*b. Let o(c) = 5*h(c) - 4*p(c). What is the remainder when 72 is divided by o(-2)?
22
Calculate the remainder when 56 is divided by 35 + -40 + 34 + -2.
2
Let d = 66 - 48. What is the remainder when 515 is divided by d?
11
Let y = 59 - -30. Let f = y - 31. What is the remainder when f is divided by 16?
10
Let i(p) = 4*p - 2. What is the remainder when 52/(-5)*380/(-152) is divided by i(4)?
12
Let b(o) = -15*o + 90. Calculate the remainder when 29 is divided by b(5